 o be p(7). Suppose -o*m + 169 = m + k, -3*m + 5*k = -79. What is the highest common factor of m and 44?
11
Let g(a) = a**3 - 68*a**2 + 47*a - 1351. Let v be g(68). What is the greatest common divisor of v and 135?
45
Suppose 0 = -15*w - 14*w + 5300 + 5604. What is the greatest common factor of 141 and w?
47
Let v = 1219 + -1211. Suppose 7*z - 2*z - 20 = 0, 2*p - 36 = -2*z. Calculate the greatest common divisor of v and p.
2
Let v(l) = -2*l**3 + 32*l**2 + 19*l - 250. Let u be v(16). What is the highest common divisor of 387 and u?
9
Let z = 2976 - 1429. Suppose -h - 16*h = -z. What is the greatest common factor of 13 and h?
13
Let n = 4662 + -4656. What is the greatest common factor of n and 4?
2
Let a be (-7 + (-35)/63*3)*-6. Suppose 4*v + 20 = 0, 22*n - 19*n - 4*v - 917 = 0. What is the greatest common divisor of n and a?
13
Let f = -10 + 3. Let o(m) = 49*m + 18 - 3 - 39*m - 30*m. Let l be o(f). What is the greatest common factor of l and 31?
31
Let r be (-1)/(1*-1) + (274 - 227). Calculate the greatest common divisor of 2832 and r.
48
Let k = 447 + -280. Suppose 445 + k = w. Calculate the greatest common factor of w and 36.
36
Suppose -110 = -3*t - 4*n, 4*n - 1 = t - 27. Let v be (t - 4)*12/5. Suppose 6*z - v = -0*z. Calculate the highest common factor of z and 30.
6
Let k = 3028 + 4053. What is the highest common factor of k and 73?
73
Let s be -3*(2 + 4866/18). Let l = -447 - s. Calculate the highest common factor of 74 and l.
74
Suppose -19*n + 351 = -523. Suppose -n = -10*k + 14. Calculate the greatest common factor of k and 46.
2
Suppose 3*n = -k + 6 + 75, -3*n = -2*k + 207. Let o = 336 - 330. What is the highest common divisor of k and o?
6
Let t be (1 - 16*1)*(-56 - (-9617)/177). Calculate the highest common divisor of 2025 and t.
25
Let t be 21*((-80)/(-28) - 2). Suppose 12*s - 1083 = -917 + 1670. What is the greatest common divisor of t and s?
9
Let g = -5460 + 3652. Let h = -1640 - g. Let z(k) = k**3 - 3*k + 3. Let s be z(3). Calculate the greatest common divisor of s and h.
21
Let q(t) = 4*t**3 + t**2 - 7*t + 142. Let n be q(0). Calculate the greatest common factor of n and 3.
1
Let c be (-182)/(-6) + (-24)/60*25/30. Suppose 2*l + 2 - 12 = 0. Suppose 0*z + 60 = l*z. Calculate the highest common factor of c and z.
6
Let y(c) = -63*c - 37. Let i be y(-3). Let v = -29 - -45. What is the highest common divisor of i and v?
8
Let v(s) = -2*s - 10. Let l(z) = 3*z + 18. Let n(m) = 3*l(m) + 5*v(m). Let o be n(1). What is the highest common divisor of o and 48?
3
Let d(r) = -192 - 55 + 25 - 118 - 13*r - 52*r. Let p be d(-6). What is the greatest common divisor of p and 100?
50
Let b = -120 + 115. Let m be 36 - (0/(-2) + b/(-5)). Suppose -3*h - 5*p = -m, h - 5*p - 52 = -7. Calculate the greatest common factor of 5 and h.
5
Let g be ((-56)/36)/(164/(-738)). Calculate the highest common factor of g and 11599.
7
Let v(c) = -c**3 + 4*c**2 + 13*c + 14. Let h be v(5). Calculate the highest common factor of h and 720.
18
Suppose 0 = -1595*k + 1589*k + 7548. What is the highest common divisor of 814 and k?
74
Let b be 32 + 118 - 45/3. Let w = 13 + 17. Calculate the greatest common factor of b and w.
15
Let s be (-4)/(-3)*(15 + (-2160)/(-24)). What is the highest common factor of 9380 and s?
140
Let d = 315 + -319. Let y be (d/(-8))/(342/68 + -5). Let i(p) = 2*p**2 + 2*p + 1. Let m be i(6). Calculate the highest common divisor of y and m.
17
Let w = 0 + 4. Let y = 0 + w. Let g(z) = 7*z - 3. Let q be g(1). Calculate the greatest common factor of q and y.
4
Let p = 847 - 359. What is the highest common factor of 1342 and p?
122
Suppose 0 = -3*f + 438 + 1872. What is the highest common factor of 616 and f?
154
Let c be 50/(3 - (4 - 2)) - (0 - -2). What is the highest common factor of c and 1552?
16
Let o(l) = 0*l + 123 + 36 + 3*l - 71. Let w be o(-26). Let b be -6*(3 + (-10)/3). Calculate the greatest common divisor of b and w.
2
Suppose 27*h = 16*h + 6369. Suppose -4*m + 4*x - 352 = -m, -5*m = x + h. Let p = -94 - m. Calculate the greatest common divisor of 44 and p.
22
Let q be (-54)/(-36) - (77/(-28) + 3)*-13194. Calculate the highest common factor of 800 and q.
100
Let v be 72 - ((6 - 0) + 19/(-19)). What is the greatest common factor of 5 and v?
1
Suppose -4*a + 20 = 0, -2*l - 14 = -6*a + 2*a. Let m be (2 - l - 3) + 77. Suppose 5 = -4*p + m. Calculate the highest common divisor of 17 and p.
17
Let y(h) = 8*h - 7. Let d be y(3). Suppose -2*a + 10 = 3*c, 0 = 3*a + 2*c + 3*c - d. Let l = 111 + a. What is the greatest common divisor of 10 and l?
10
Let l be -5 + 4 - (2 + (-984 - 2)). Suppose 0 = -12*w + 1825 + l. Calculate the greatest common divisor of 18 and w.
18
Suppose -8*r + 132 = 36. Suppose 0 = 5*c - 32 + r. Let m be (-1 - 13/(-2))/(1/c). What is the greatest common factor of 11 and m?
11
Let q be 1/2*(-25 + 3). Let a be (6 - 10) + (0 - q). Let o(w) = -3*w + 46. Let t be o(6). What is the highest common factor of a and t?
7
Suppose 2 = -4*h + 5*h, -h = a + 41. Let w = -15 - a. Suppose -5*c + p = -215, 0*c - 4*c = -2*p - 178. What is the greatest common factor of c and w?
14
Let t be (-2 - -1) + 2 - -95. Suppose -47*q + 3558 + 1188 = -2774. Calculate the highest common factor of q and t.
32
Let l = -13 + 16. Suppose -4*k = -l*y, -6*k + k = 3*y. Suppose y*v = -3*v + 12. Calculate the greatest common factor of 16 and v.
4
Let h(k) = -k**3 + 40*k**2 + 46*k + 407. Let i be h(41). What is the highest common factor of i and 24?
12
Suppose -2*v = -5*m + 450, -v + 247 = 2*m + 76. Let p be (-3)/(-2) - ((-90)/165 - (-7384)/(-176)). Calculate the highest common divisor of p and m.
44
Let g be (16 - 10)*142/6. Let b = g - 231. Let q = -65 - b. Calculate the highest common divisor of 6 and q.
6
Let d = 3258 + -814. What is the greatest common divisor of d and 52?
52
Suppose 0 = -5*r + p + 316 - 83, -3*r + 139 = -p. Suppose 0 = -2*b + i + r, -2*i + 91 = 4*b - i. Calculate the highest common divisor of 115 and b.
23
Suppose -100 = -3*b - 40. Let a be 1 - (b/6)/((-12)/414). Calculate the highest common divisor of 638 and a.
58
Suppose 24 = w + 2*w. Suppose 230 - 212 = 6*i. Suppose -y + 5*y + 76 = 4*s, i = 3*y. What is the greatest common divisor of s and w?
4
Let t = 50217 + -50042. Let c = 279 - 139. Calculate the highest common divisor of c and t.
35
Suppose 5*n = 330*p - 333*p + 6347, 4*p + 2*n = 8444. What is the greatest common factor of p and 342?
57
Let r(h) = 62*h + 47. Let k(g) = 30*g + 23. Let a(n) = -5*k(n) + 2*r(n). Let s be a(-3). What is the greatest common divisor of s and 19?
19
Let i be 4*(-2)/(12/(-1317)). Let o = i - 486. What is the greatest common divisor of 56 and o?
56
Let r = 66 - 24. Let t(p) = 35*p**2 - 13*p + 33. Let h be t(2). Calculate the highest common divisor of h and r.
21
Let v(h) = -111*h - 2362. Let t be v(-32). What is the greatest common factor of t and 175?
35
Suppose 15*r - 50 = 20*r. Let c be 10/(r/5) - -53. Suppose 4*q - 69 + 21 = 0. What is the highest common divisor of c and q?
12
Let v = 22 + -10. Suppose v*j - 741 = -j. Let s = j - -63. What is the highest common factor of 15 and s?
15
Let s = 590 + -494. What is the highest common factor of s and 256?
32
Suppose -3*v - 1109*n - 40 = -1114*n, 0 = 3*v - 4*n + 29. Let y(l) = 6*l - 2. Let g be y(2). Calculate the greatest common factor of g and v.
5
Suppose 1162 = 3*i + 4*h, -5*i + 3045 = -h + 1093. What is the highest common factor of 15795 and i?
195
Suppose 2*a - 929 = h, -6*a + 1381 = -3*a + h. Let x = -45 - -53. Suppose o = 4*t - 168, -34 - x = -t - o. What is the greatest common divisor of t and a?
42
Let q be 15*-268*7/(-140). Let p = -198 + q. Calculate the greatest common factor of 129 and p.
3
Let t(w) = 2*w**3 + 4*w**2 - 6*w + 16. Let m be t(-3). Let v = 11 + 9. Calculate the highest common divisor of m and v.
4
Let a(s) = 12*s - 24. Suppose 0 = r - 5*b + 13, 8*b - 26 = -2*r + 5*b. Let v be a(r). Calculate the greatest common divisor of 90 and v.
30
Let h = 3100 + -3082. What is the greatest common factor of h and 1557?
9
Suppose t - 687 = 2*b + 262, -5*t - b + 4712 = 0. What is the greatest common factor of t and 1271?
41
Suppose -23 = -3*o - 140. Suppose -57*w - 3182 + 881 = -18*w. Let v = o - w. Calculate the greatest common divisor of v and 5.
5
Le